{"id":129,"date":"2025-12-27T14:14:39","date_gmt":"2025-12-27T14:14:39","guid":{"rendered":"https:\/\/poste.esdi.ovh\/?page_id=129"},"modified":"2025-12-27T14:33:10","modified_gmt":"2025-12-27T14:33:10","slug":"restaurant","status":"publish","type":"page","link":"https:\/\/poste.esdi.ovh\/index.php\/restaurant\/","title":{"rendered":"RESTAURANT"},"content":{"rendered":"\t\t<div data-elementor-type=\"wp-page\" data-elementor-id=\"129\" class=\"elementor elementor-129\" data-elementor-post-type=\"page\">\n\t\t\t\t<div class=\"elementor-element elementor-element-a012052 e-flex e-con-boxed e-con e-parent\" data-id=\"a012052\" data-element_type=\"container\" data-settings=\"{&quot;background_background&quot;:&quot;classic&quot;}\">\n\t\t\t\t\t<div class=\"e-con-inner\">\n\t\t<div class=\"elementor-element elementor-element-9017ac7 e-con-full e-flex e-con e-child\" data-id=\"9017ac7\" data-element_type=\"container\">\n\t\t\t\t<div class=\"elementor-element elementor-element-9e27a3a elementor-widget elementor-widget-heading\" data-id=\"9e27a3a\" data-element_type=\"widget\" data-widget_type=\"heading.default\">\n\t\t\t\t<div class=\"elementor-widget-container\">\n\t\t\t\t\t<h2 class=\"elementor-heading-title elementor-size-default\">NOTRE RESTAURANT<\/h2>\t\t\t\t<\/div>\n\t\t\t\t<\/div>\n\t\t\t\t<\/div>\n\t\t\t\t\t<\/div>\n\t\t\t\t<\/div>\n\t\t<div class=\"elementor-element elementor-element-37c24cb e-flex e-con-boxed e-con e-parent\" data-id=\"37c24cb\" data-element_type=\"container\" data-settings=\"{&quot;background_background&quot;:&quot;classic&quot;}\">\n\t\t\t\t\t<div class=\"e-con-inner\">\n\t\t\t\t<div class=\"elementor-element elementor-element-0c7889e elementor-widget elementor-widget-heading\" data-id=\"0c7889e\" data-element_type=\"widget\" data-widget_type=\"heading.default\">\n\t\t\t\t<div class=\"elementor-widget-container\">\n\t\t\t\t\t<h2 class=\"elementor-heading-title elementor-size-default\">Nos sp\u00e9cialit\u00e9s r\u00e9gionales<\/h2>\t\t\t\t<\/div>\n\t\t\t\t<\/div>\n\t\t\t\t\t<\/div>\n\t\t\t\t<\/div>\n\t\t<div class=\"elementor-element elementor-element-4953214 e-flex e-con-boxed e-con e-parent\" data-id=\"4953214\" data-element_type=\"container\" data-settings=\"{&quot;background_background&quot;:&quot;classic&quot;}\">\n\t\t\t\t\t<div class=\"e-con-inner\">\n\t\t\t\t<div class=\"elementor-element elementor-element-ec69882 elementor-widget elementor-widget-text-editor\" data-id=\"ec69882\" data-element_type=\"widget\" data-widget_type=\"text-editor.default\">\n\t\t\t\t<div class=\"elementor-widget-container\">\n\t\t\t\t\t\t\t\t\t<p>Toute l&rsquo;\u00e9quipe du restaurant de\u00a0\u00ab\u00a0la Vieille Poste\u00a0\u00bb\u00a0est ravie de vous accueillir toute l&rsquo;ann\u00e9e, midi et soir et vous propose une cuisine gastronomique et familiale, ainsi que des sp\u00e9cialit\u00e9s r\u00e9gionales :<\/p>\t\t\t\t\t\t\t\t<\/div>\n\t\t\t\t<\/div>\n\t\t\t\t\t<\/div>\n\t\t\t\t<\/div>\n\t\t<div class=\"elementor-element elementor-element-4a2298a e-flex e-con-boxed e-con e-parent\" data-id=\"4a2298a\" data-element_type=\"container\" data-settings=\"{&quot;background_background&quot;:&quot;classic&quot;}\">\n\t\t\t\t\t<div class=\"e-con-inner\">\n\t\t<div class=\"elementor-element elementor-element-332c7f4 e-con-full e-flex e-con e-child\" data-id=\"332c7f4\" data-element_type=\"container\">\n\t\t\t\t<div class=\"elementor-element elementor-element-7272815 elementor-widget elementor-widget-text-editor\" data-id=\"7272815\" data-element_type=\"widget\" data-widget_type=\"text-editor.default\">\n\t\t\t\t<div class=\"elementor-widget-container\">\n\t\t\t\t\t\t\t\t\t<ul><li><h4>Fondue savoyarde<\/h4><\/li><li><h4>Fondue royale<\/h4><\/li><li><h4>Pierre chaude<\/h4><\/li><li><h4>Raclette<\/h4><\/li><li><h4>Tartiflette&#8230;<\/h4><\/li><\/ul>\t\t\t\t\t\t\t\t<\/div>\n\t\t\t\t<\/div>\n\t\t\t\t<\/div>\n\t\t\t\t\t<\/div>\n\t\t\t\t<\/div>\n\t\t<div class=\"elementor-element elementor-element-a626f1f e-con-full e-flex e-con e-parent\" data-id=\"a626f1f\" data-element_type=\"container\" data-settings=\"{&quot;background_background&quot;:&quot;classic&quot;}\">\n\t\t\t\t<div class=\"elementor-element elementor-element-a4dc41e elementor-widget elementor-widget-text-editor\" data-id=\"a4dc41e\" data-element_type=\"widget\" data-widget_type=\"text-editor.default\">\n\t\t\t\t<div class=\"elementor-widget-container\">\n\t\t\t\t\t\t\t\t\t<p>Venez \u00e9galement d\u00e9couvrir toute l&rsquo;ann\u00e9e nos sp\u00e9cialit\u00e9s maison :<\/p>\t\t\t\t\t\t\t\t<\/div>\n\t\t\t\t<\/div>\n\t\t\t\t<\/div>\n\t\t<div class=\"elementor-element elementor-element-c6d9f5c e-flex e-con-boxed e-con e-parent\" data-id=\"c6d9f5c\" data-element_type=\"container\" data-settings=\"{&quot;background_background&quot;:&quot;classic&quot;}\">\n\t\t\t\t\t<div class=\"e-con-inner\">\n\t\t<div class=\"elementor-element elementor-element-4ea8930 e-con-full e-flex e-con e-child\" data-id=\"4ea8930\" data-element_type=\"container\">\n\t\t\t\t<div class=\"elementor-element elementor-element-f56b30f elementor-widget elementor-widget-text-editor\" data-id=\"f56b30f\" data-element_type=\"widget\" data-widget_type=\"text-editor.default\">\n\t\t\t\t<div class=\"elementor-widget-container\">\n\t\t\t\t\t\t\t\t\t<ul><li><h4>Cuisses de grenouilles persill\u00e9es<\/h4><\/li><li><h4>Cuisses de grenouilles \u00ab\u00a051\u00a0\u00bb<\/h4><\/li><li><h4>Escargots maison<\/h4><\/li><li><h4>C\u0153ur d\u2019entrec\u00f4te \u00ab\u00a0Caf\u00e9 Paris\u00a0\u00bb<\/h4><\/li><li><h4>Le buffet de desserts<\/h4><\/li><\/ul>\t\t\t\t\t\t\t\t<\/div>\n\t\t\t\t<\/div>\n\t\t\t\t<\/div>\n\t\t\t\t\t<\/div>\n\t\t\t\t<\/div>\n\t\t\t\t<\/div>\n\t\t","protected":false},"excerpt":{"rendered":"<p>NOTRE RESTAURANT Nos sp\u00e9cialit\u00e9s r\u00e9gionales Toute l&rsquo;\u00e9quipe du restaurant de\u00a0\u00ab\u00a0la Vieille Poste\u00a0\u00bb\u00a0est ravie de vous accueillir toute l&rsquo;ann\u00e9e, midi et soir et vous propose une cuisine gastronomique et familiale, ainsi que des sp\u00e9cialit\u00e9s r\u00e9gionales : Fondue savoyarde Fondue royale Pierre chaude Raclette Tartiflette&#8230; Venez \u00e9galement d\u00e9couvrir toute l&rsquo;ann\u00e9e nos sp\u00e9cialit\u00e9s maison : Cuisses de grenouilles [&hellip;]<\/p>\n","protected":false},"author":1,"featured_media":0,"parent":0,"menu_order":0,"comment_status":"closed","ping_status":"closed","template":"","meta":{"footnotes":""},"class_list":["post-129","page","type-page","status-publish","hentry"],"_links":{"self":[{"href":"https:\/\/poste.esdi.ovh\/index.php\/wp-json\/wp\/v2\/pages\/129","targetHints":{"allow":["GET"]}}],"collection":[{"href":"https:\/\/poste.esdi.ovh\/index.php\/wp-json\/wp\/v2\/pages"}],"about":[{"href":"https:\/\/poste.esdi.ovh\/index.php\/wp-json\/wp\/v2\/types\/page"}],"author":[{"embeddable":true,"href":"https:\/\/poste.esdi.ovh\/index.php\/wp-json\/wp\/v2\/users\/1"}],"replies":[{"embeddable":true,"href":"https:\/\/poste.esdi.ovh\/index.php\/wp-json\/wp\/v2\/comments?post=129"}],"version-history":[{"count":13,"href":"https:\/\/poste.esdi.ovh\/index.php\/wp-json\/wp\/v2\/pages\/129\/revisions"}],"predecessor-version":[{"id":148,"href":"https:\/\/poste.esdi.ovh\/index.php\/wp-json\/wp\/v2\/pages\/129\/revisions\/148"}],"wp:attachment":[{"href":"https:\/\/poste.esdi.ovh\/index.php\/wp-json\/wp\/v2\/media?parent=129"}],"curies":[{"name":"wp","href":"https:\/\/api.w.org\/{rel}","templated":true}]}}